2*i + 5. What is the units digit of x?
8
Let j = 64 + -69. Let h be (-6)/15 + (-27)/j. Suppose h*t + 0*t - 385 = 0. What is the units digit of t?
7
Let z(r) = 393*r**2 - 18*r - 3. What is the units digit of z(6)?
7
Suppose -122*j - 3*j = 28*j - 3772215. What is the hundreds digit of j?
6
Suppose -3*w = -4*y + 828, 3*w - 5*w + 638 = 3*y. Suppose 5*i - 3722 = -r, i + 3*r - 526 = y. What is the tens digit of i?
4
Let q(g) = -10*g**3 - 21*g**2 + 42*g + 158. What is the units digit of q(-10)?
8
Let f be ((-4)/(-10))/(6 - (-716)/(-120)). What is the hundreds digit of ((-4044)/24)/((-2)/f)?
0
Let u = -520 + 520. What is the units digit of 0/6 + 559 - (1 + u)?
8
Let d(a) = a + 3. Let w be d(-5). Let n be w*(-5)/((-25)/10). What is the tens digit of 14/28 + (-258)/n?
6
Let h = -33374 + 59623. What is the units digit of h?
9
Suppose -q = 3*b - 14644, -21164 - 3256 = -5*b + 5*q. What is the thousands digit of b?
4
Let b(z) be the second derivative of -13*z**3/6 + 4*z**2 + z. Suppose 4*d + 31 = 3*w, -3*w = -5*w + 2. What is the units digit of b(d)?
9
Let f(u) = u**3 - 24*u**2 + 25*u + 10. Let h be f(23). What is the tens digit of 0 + 363 + (-8)/(h/(-35))?
6
Let b(p) = -p**2 - 34*p - 20. Let n be b(15). Let j = -576 - n. What is the hundreds digit of j?
1
Let m = 94 - 91. Suppose -3*t + 19 = m*s - 209, 4*s - 8 = 0. Suppose 5*x - 66 - t = -5*g, -3*g + 84 = -x. What is the units digit of g?
8
Suppose -101*h = -68*h - 17490. What is the tens digit of h?
3
Let z(b) = 12*b**3 + 12*b**2 - 87*b + 4. What is the hundreds digit of z(10)?
3
Let i = 49 - -83. Suppose 3*c - 994 = -4*k, c - 201 = -3*k + i. Let x = c - 152. What is the hundreds digit of x?
1
Let s(k) = k**3 - 6*k**2 + 3*k + 12. Let f be s(5). Let x(v) = 17*v**f - 8*v + 3 + 1 - 3 - v**3 - 6*v**2. What is the tens digit of x(10)?
2
Suppose -3767 = -4*l + 1977. Let s = l + -728. What is the hundreds digit of s?
7
Suppose 4*b - 40666 = -2*v, 6*b + 61083 = 2*v + v. What is the ten thousands digit of v?
2
Suppose -398*r + 394*r + z = -35134, 0 = -4*r + 2*z + 35140. What is the tens digit of r?
8
Suppose 5*j + 25 = 0, 3*k + 7*j - 18273 = -5*j. What is the hundreds digit of k?
1
What is the tens digit of 1440/270*(-29439)/(-24)?
4
Let v = -2501 + 6407. What is the hundreds digit of v?
9
Let f = -90772 + 150735. What is the hundreds digit of f?
9
What is the tens digit of (-9)/((-45)/25)*2386/10?
9
Suppose 29*t = 12*t + 60520. Suppose 7*h + t = 5*q + 2*h, 704 = q + h. What is the hundreds digit of q?
7
Let v be (-5 + 4)*1*3/(-6)*0. Let k(y) = 2*y + 204. Let l(j) = 4*j + 408. Let i(h) = 7*k(h) - 3*l(h). What is the tens digit of i(v)?
0
Let g(a) = 3337*a - 1625. What is the units digit of g(9)?
8
Let g = 224 + 239. Let p = g - -113. What is the units digit of p?
6
Let p(y) = -y**2 - 16*y - 30. Let o be p(-4). What is the tens digit of o/126 - (-7515)/21?
5
Let q(l) = l**3 - 29*l**2 + 171*l - 100. What is the hundreds digit of q(27)?
0
Let l = 27622 - -3461. What is the thousands digit of l?
1
Let v(t) = -24*t**2 - 24. Let i(b) = -b**2 - 2*b + 1. Let s(a) = -i(a) - v(a). What is the units digit of s(-5)?
8
Suppose 12 = 4*a, 5*d - 5*a + 29 = -6. Let q(y) = -1645*y**2 + 3283*y**2 - 2*y**3 - 3*y - 1644*y**2. What is the units digit of q(d)?
4
Suppose -1076 = d - 5*d. Let v = d - 32. What is the tens digit of v?
3
Let d = 38916 - -1891. What is the thousands digit of d?
0
Let p be -4 - ((-216)/28 - (-2)/(-7)). Suppose 0 = -5*q, -291 = -3*k + p*q + 174. What is the hundreds digit of k?
1
Suppose 5*h - 5314 = -3*j, -j + 5*h + 2185 = 407. Suppose 5*b - 1057 = j. What is the tens digit of b?
6
Suppose y = g + 4*g, 3*g + 14 = 2*y. Suppose y*c - 6 + 6 = 0. Suppose 4*a = -2*i + 72, 4*i + 3*a - 8*a - 118 = c. What is the tens digit of i?
3
Let i(f) = 4*f - 56. Let r = 18 + -4. Let h be i(r). Suppose h = -17*n + 9*n + 1080. What is the tens digit of n?
3
Let z(k) = 4*k**2 - 30*k - 11. Suppose 108 = 22*x - 18*x. What is the thousands digit of z(x)?
2
Let i(r) = -8527*r - 6667. What is the units digit of i(-5)?
8
Let u = 544 + -539. Suppose -10 = 4*k - 6*k, 4*d - 795 = u*k. What is the units digit of d?
5
Let g = -44 - -75. Suppose g = 3*a - 3*p - 11, 0 = 2*a + p - 31. Suppose -3874 = -a*i + 2*i. What is the hundreds digit of i?
2
Suppose -36*l = -3*s - 33*l + 37203, 4*l - 12396 = -s. Suppose 0 = -27*j + s + 15734. What is the hundreds digit of j?
0
Let y = 127 + -129. What is the hundreds digit of 26/((y + -3)/(-110))?
5
Suppose 0 = 4*z - 11 - 1. Suppose z*u + 5*k = 2*u + 763, 5*u - 3*k = 3759. What is the hundreds digit of u?
7
Suppose -5*o = 3*v - 70799, 4*o - 56580 = -61*v + 66*v. What is the hundreds digit of o?
1
Let l = -21 + 14. Let o(b) = -b + 22. Let a(r) = 1. Let z(c) = -3*a(c) + o(c). What is the tens digit of z(l)?
2
Let i(o) = 137*o + 750. What is the hundreds digit of i(26)?
3
Let x(u) be the second derivative of 0*u**3 + 7/2*u**2 + 0 - 1/2*u**5 - 5/12*u**4 + 29*u. What is the tens digit of x(-3)?
3
Suppose 137655 = 49*v + 8*v - 12*v. What is the units digit of v?
9
Suppose 28*w = 32*w + 172. What is the tens digit of (0 + 2)/(((-43)/510)/w)?
2
Let w = 13803 + 29470. What is the hundreds digit of w?
2
Suppose 5*r - 5*x = -320, -5*r - 2*x = -r + 250. Let s = 64 + r. What is the tens digit of s/(3/471) + -3?
5
Suppose 4*q = -5*k + 7*q - 15, 5 = 4*k + q. Suppose 4*r = -4*h, 5*r + 12 = -k*h - 2*h. Suppose 2*i + 57 = b - 1, -h*i = b - 88. What is the units digit of b?
8
Suppose -f - 25*f + 3*f = 0. Suppose -16*i + 5609 + 2199 = f. What is the tens digit of i?
8
Let d(o) = -3*o**3 - o**2 + 4*o - 1. Let s = -68 + 64. Let c be d(s). Suppose -3*w + 242 + c = 4*y, -3*w = -4*y + 383. What is the tens digit of y?
9
Let d = -2262 - -4545. What is the units digit of d?
3
Suppose 2*k + 5 = 13. Suppose d = -c + 45, 3*d + 2*d - k*c = 180. Suppose d + 92 = 2*i - 2*z, -2*i + 3*z = -127. What is the units digit of i?
1
Let p = -1007 + 7384. What is the hundreds digit of p?
3
Let o = -4234 + 4236. Let m(y) = -y**2 - 7*y - 3. Let q be m(-6). Suppose 458 = o*j + 2*u, 633 = q*j - 2*u - 34. What is the units digit of j?
5
Let t(w) = 1590*w**2 - 58*w - 266. What is the thousands digit of t(-4)?
5
Let g(d) be the third derivative of -2*d**3 + 1/20*d**5 - 1/8*d**4 + 0*d + 2*d**2 + 0. What is the units digit of g(5)?
8
Suppose 0 = -8*o + 13*o - 2120. Suppose -3*c = -2*k - 318 - o, -2*c + 482 = 5*k. What is the tens digit of c?
4
Suppose -4272 = -9*z - 3*z. Suppose 2*q - z = 386. What is the units digit of q?
1
Let t be (1 + 9/6 + 1)*-12. Let i = 110 - t. Suppose -i - 223 = -5*v. What is the units digit of v?
5
Let r = 123974 - 77270. What is the hundreds digit of r?
7
Suppose -w - 11*o + 12*o = -8143, 0 = -o + 6. What is the hundreds digit of w?
1
Let q be (-1)/((-4)/430)*-2. Let a = q + 225. What is the units digit of a?
0
Let m = -1 - 0. Let w(c) = 140*c - 22. Let d(v) = 71*v - 12. Let f(x) = 11*d(x) - 6*w(x). What is the tens digit of f(m)?
5
What is the tens digit of (-69)/414 - (2 + 145574/(-12))?
2
Suppose -o - 2*o + 0*o = 0. Suppose -2*h - 1390 = -3*z, o = z - 3*h - 9 - 452. What is the tens digit of z?
6
Let c(z) = -z + 19. Let y be c(15). Suppose n = 4*w + 79, 90 + 237 = y*n - 5*w. Let d = n - 82. What is the units digit of d?
1
Suppose 3*n + 264 = -2*z, 5*n - 4*z + 210 = -252. Let y = n - -101. Let l = 96 - y. What is the tens digit of l?
8
Let q(t) = 4*t**2 + 55*t + 21. Let u be q(-23). Let y = u - 537. Let h = y + -167. What is the tens digit of h?
6
Let x(d) = 30*d - 4. Let o be x(2). Let i = -108 - -192. Let j = i - o. What is the units digit of j?
8
Suppose -8*j - 266 = -22*j. What is the tens digit of j?
1
Suppose a - 3*q = -0*a - 46, 4*a + 235 = -5*q. Let s = 69 + a. What is the tens digit of 10*(200/112 - 4/s)?
1
Let y be ((-1407)/56*-2)/((-9)/(-48)). What is the hundreds digit of -8*3/(-6) + y + 15?
2
Suppose -2*r - 7 = 4*o + 5, -2*r + 5*o + 15 = 0. Suppose r = 11*u - 1792 - 4511. What is the hundreds digit of u?
5
Suppose -99*g = -102*g + 63. Let c(i) = 22*i - 85. What is the tens digit of c(g)?
7
Suppose 12030 + 8165 = 7*q. Suppose -q = -5*i + 5*y, y - 1169 = -2*i - 2*y. What is the tens digit of i?
8
Let s(x) = 2*x**3 - 4*x**2 + 5*x + 2. Let z be s(4). What is the tens digit of 13/3*(z - -4 - -3)?
0
Suppose -26*f + 